 - 16. Let b be 12/9*-3 + -1. Let m(y) = -10*y**2 + 13*y + 24. Let f(o) = b*m(o) - 7*q(o). What is the tens digit of f(6)?
1
Let a(f) = -7*f**2 - 12*f + 15. Let c(p) = 13*p**2 + 23*p - 31. Let y(t) = 11*a(t) + 6*c(t). What is the tens digit of y(12)?
9
What is the hundreds digit of (-19 + 258)/(-3*3/(-45))?
1
Let f(v) = -v**3 + 4*v**2 + 6*v - 5. Let o be f(4). Let c = -27 + o. What is the tens digit of (c/10)/(8/(-260))?
2
Suppose -s = -3*n + 2*s + 753, -4*s = 3*n - 781. What is the hundreds digit of n?
2
Let k(b) = 11 - 7*b + 17*b - 7*b + 13. Let y be k(12). What is the tens digit of (-12)/y + 251/5?
5
Let h = 273 - 121. Let x = -90 + h. What is the units digit of x?
2
Suppose a - i + 13 = 0, -3*a - 37 = 4*i + 16. Let q(u) = u**3 + 17*u**2 + 27*u + 31. What is the tens digit of q(a)?
7
Suppose -17 = 4*c + 2*r + 3, -3*c = 2*r + 13. Let f(t) be the third derivative of t**5/30 + 7*t**4/24 - 7*t**3/6 - 6*t**2. What is the tens digit of f(c)?
4
Let y = -8 + 22. Let z = y + 39. Suppose q = 5*k + 28, 0 = -4*q + 3*k + z + 76. What is the tens digit of q?
3
Let f = -553 - -813. What is the tens digit of f?
6
Let k be (-3 + 4)*(-15 + 0). What is the units digit of -4 + 5/(k/(-219))?
9
Let o(l) = 2*l - 2. Let k be o(-1). What is the units digit of 30 + (-1 - k) + -7?
6
Suppose i = 5*o - 11420, 3*o = -5*i + 5053 + 1799. What is the hundreds digit of o?
2
Let k(m) = -3*m - 328. Let j(b) = 2*b + 219. Let y(s) = -7*j(s) - 5*k(s). What is the hundreds digit of y(0)?
1
Suppose 2*x - 1039 + 351 = 4*u, 2*x + 3*u - 660 = 0. Suppose m + 264 = 2*r + r, 4*r + 4*m = x. What is the tens digit of r?
8
Suppose -192540 - 26008 = -44*j. What is the tens digit of j?
6
Let r = -684 - -1475. What is the hundreds digit of r?
7
Let b(k) = -2*k + 1. Let i be b(8). Let v(t) = -4*t - 28. What is the tens digit of v(i)?
3
Let g be (-100)/8*-10 - (6 + -2). Suppose -2*o = -5*k + g, -6*k + k + 124 = -3*o. What is the tens digit of k?
2
Suppose -27 = 2*w + 3. Let x be (2/(-6))/(1/w). Suppose -92 - 53 = -x*p. What is the tens digit of p?
2
Let q(s) = -20*s**2 - 2*s. Let d be q(-2). Let m = -1 - d. What is the tens digit of m?
7
Let m = 1065 + -566. What is the hundreds digit of m?
4
Suppose 5*i = -5*k + 9135, 2*i - 9126 = -5*k - 0*k. What is the units digit of k?
4
Let v = 19 + -10. Suppose 2*g = -g + v. Suppose 84 = 4*b + 3*t, 4 = -2*t + g*t. What is the units digit of b?
8
Let m(k) = k**2 - 7*k + 5. Let o be m(7). Let l(q) = -q**3 + 7*q**2 + 5*q - 16. What is the units digit of l(o)?
9
Suppose -3*w = -i - 8, 3*w = -3*i - w - 24. What is the units digit of 12/(-8)*i/(-6) + 100?
8
Let h(q) = 3*q**3 - 12*q**2 + 9*q - 8. Let g = 65 + -59. What is the units digit of h(g)?
2
Let o = 1441 + -867. What is the hundreds digit of o?
5
Suppose -8*k + 20 = 4. What is the units digit of 5 + -2 - (6 - k)*-44?
9
Let l be (-25)/((-2)/(-8)*-2). Let u = 71 + -101. Let q = l + u. What is the units digit of q?
0
Suppose -196*b = -201*b + 1370. What is the units digit of b?
4
Let n(u) = -u**3 + 8*u**2 + 5*u + 1. Let p be n(8). Let v(i) = -4*i + 25. Let g be v(10). Let m = p + g. What is the units digit of m?
6
Let f(j) = 24*j**2 + 16*j - 179. What is the hundreds digit of f(8)?
4
Let n(f) = -f**3 + 4*f**2 + 2*f - 1. Let u = 0 - 0. Let s = -2 + u. What is the tens digit of n(s)?
1
Let s = -47 + 224. What is the units digit of s?
7
Suppose 4*l = -2*k + 36 - 8, 4*l = -k + 24. Let x = 5 - 2. What is the tens digit of 20/((l - x)*1)?
1
Suppose -2373 = -9*w - 591. What is the units digit of w?
8
Suppose -3*u = -2*m + 2 - 12, -3*u - m = -4. Suppose -30 = -16*w + 10*w. Suppose u*f + 32 = w*h, -4*h = -2*h + 4*f - 32. What is the units digit of h?
8
Let l = -99 - -297. What is the hundreds digit of l?
1
Suppose -2*a - 17 = 3*g, -2*g = -0*a - 2*a + 8. Let u be 0/(-8)*(a + 0). Suppose 4*h - 171 = -3*k, u = 2*h - 4*k - 115 + 35. What is the units digit of h?
2
Suppose -7*p = 15 - 50. What is the tens digit of -5 - -79 - (0 - p)?
7
Let d(y) = -2*y - 3. Let c be d(4). Suppose 2*h - v - 2*v = 44, 4*v + 48 = 2*h. Let l = h + c. What is the units digit of l?
5
Suppose 2*x = r + 8051, 3*r + 9970 = 5*x - 10155. What is the units digit of x?
8
Let g be -3*7/((-63)/(-24)). Let r be (-15)/(-20) - 162/g. What is the tens digit of (-204)/(-21) - (-6)/r?
1
Let x = 2944 - 1016. What is the tens digit of x?
2
Let c be 10/1*(-2)/(-5). Suppose -3*l - 39 = -3*f, -2*f = 5*l - 10 - 9. Let t = c + f. What is the units digit of t?
6
Let n be 6/14 - (-396)/154. Suppose -n*h = -j + 348, -2*h = j + 2*h - 320. What is the units digit of j?
6
Let n = 206 - -61. What is the hundreds digit of n?
2
Let g(z) = -2*z**2 + 50*z + 5. What is the tens digit of g(11)?
1
Let f(n) = -n**2 + 4*n + 2. Let c be f(4). Let p = -7 + c. Let k(a) = a**3 + 4*a**2 - 7*a - 4. What is the units digit of k(p)?
6
Suppose -8*s - 1 + 17 = 0. What is the units digit of (4 - s)/(4/18*1)?
9
Let u = 178 - -365. What is the hundreds digit of u?
5
Let t(p) = 20*p - 9*p + 12 + 28*p. What is the hundreds digit of t(3)?
1
Let g = 586 - 235. What is the tens digit of g?
5
Suppose 0 = 2*r - 4 - 4. Suppose 19 = r*a - 1. Suppose 0 = -2*g + a*z + 56, 2*g + 5*z - 56 = 3*z. What is the tens digit of g?
2
Let q(r) = -r**3 + 5*r**2 + 6*r + 136. What is the units digit of q(-8)?
0
Suppose 3*z - 3*d = -0*z + 36, 5*d = 0. Suppose z*m + 460 = 17*m. What is the units digit of m?
2
Let c = -53 - -124. Let s = c + 13. What is the tens digit of s?
8
Let x(p) = p**2 + 27*p - 364. What is the hundreds digit of x(14)?
2
What is the tens digit of 20/6*1032/16?
1
Let u(b) = -b + 6. Let a be u(3). Suppose 0 = -4*g - a + 11. Suppose -4*m + 8*k - g = 3*k, 6 = m + 2*k. What is the units digit of m?
2
Let u be (0/8)/(5 + -2). Suppose u = -6*g + 3*g + 33. What is the tens digit of g?
1
Suppose -3*l + 17*p + 2942 = 21*p, 4*l - 2*p = 3952. What is the units digit of l?
6
Suppose -5*m - 8 = 2. Let v be (-66)/m + -3 + 2. Suppose 0*y = -2*y - 4*c + v, -2*c + 64 = 5*y. What is the tens digit of y?
1
Suppose 4*f + c + 170 = 0, 3*f + 50 + 72 = 2*c. Let g = 30 - f. Suppose g = -0*n + 3*n. What is the tens digit of n?
2
What is the thousands digit of -92*(-21)/4*7/1?
3
Let u be (-6)/((-36)/38)*3. Suppose 17*b - u*b = -494. What is the tens digit of b?
4
Let o(s) be the first derivative of s**6/360 + s**5/40 - s**4/12 - 2*s**3/3 + 6. Let j(q) be the third derivative of o(q). What is the units digit of j(-6)?
6
Let h(n) = -n**3 + 30*n**2 - 17*n + 100. What is the hundreds digit of h(29)?
4
Let h = -2 - -5. Suppose 0*x - x + h = 0. Suppose 0 = 3*v + 9, -2*k - v = -x*v - 52. What is the units digit of k?
3
Let p(v) = -477*v + 13. What is the hundreds digit of p(-2)?
9
Let i = 46 - 41. Suppose -3*w + 230 = i*f, 10 + 5 = -3*w. What is the tens digit of f?
4
Suppose 7*x - 2960 - 7008 = 0. What is the hundreds digit of x?
4
Suppose 14*y + 3*j + 46 = 15*y, -5*j - 184 = -4*y. What is the tens digit of y?
4
Let d(t) = 339*t - 24. What is the thousands digit of d(4)?
1
Suppose 1335 = 10*r - 5*r. Let v = r + -140. What is the units digit of v?
7
Let r be (8/12)/((-2)/162). Let t = r + 88. What is the tens digit of t?
3
Let d = -171 - -93. Let v = -38 - d. What is the units digit of v?
0
What is the tens digit of (1940/16)/(4/16) + 3?
8
Let p(n) = -1174*n - 4. What is the units digit of p(-3)?
8
Suppose -2*p + 165 = -27. What is the tens digit of p?
9
Suppose -8*i + 37 + 59 = 0. What is the units digit of (-6)/15*(-1770)/i?
9
Let h be (28 - -1)/(2/6). Let y = h + -15. What is the units digit of y?
2
Suppose 0 = 3*q - 3*f + 669, -5*f - 2 - 233 = q. Let y = q + 326. Suppose 0 = -4*v - 17 + y. What is the units digit of v?
1
Let i(v) be the first derivative of 1/4*v**4 + 0*v**2 + 0*v**3 + 25*v + 9. What is the tens digit of i(0)?
2
Let b = -1611 - -3370. What is the thousands digit of b?
1
Suppose -3*v + 5 = -10. Let m = 117 + -3. What is the tens digit of (m/v)/(4/10)?
5
Suppose -39*c + 15541 + 3062 = 0. What is the tens digit of c?
7
Let t(a) = -3 - a + 2 + 51*a**2 - 38*a**2. Let o be t(2). Let f = -3 + o. What is the tens digit of f?
4
Suppose i - 8*i = 0. What is the tens digit of 31*2 + (i - -1)*-1?
6
Let d be 4/(-10) + 35/25. Let b = d + -4. Let s = b + 47. What is the units digit of s?
4
What is the tens digit of (8 - 2)*